{"id":399,"date":"2025-02-10T17:58:46","date_gmt":"2025-02-10T16:58:46","guid":{"rendered":"http:\/\/xswviag.cluster029.hosting.ovh.net\/?page_id=399"},"modified":"2026-02-12T09:24:57","modified_gmt":"2026-02-12T08:24:57","slug":"les-temps-forts-a-la-ferme","status":"publish","type":"page","link":"https:\/\/www.lesgenestes.com\/index.php\/les-temps-forts-a-la-ferme\/","title":{"rendered":"Les Temps forts \u00e0 la ferme"},"content":{"rendered":"<div class=\"wp-block-image\">\n<figure class=\"aligncenter size-full\"><img loading=\"lazy\" decoding=\"async\" width=\"507\" height=\"100\" src=\"https:\/\/www.lesgenestes.com\/wp-content\/uploads\/2024\/12\/logo.gif\" alt=\"\" class=\"wp-image-135\"\/><\/figure>\n<\/div>\n\n\n<h2 class=\"wp-block-heading has-text-align-center\">Les Temps forts \u00e0 la ferme (r\u00e9serv\u00e9 \u00e0 nos pensionnaires)<\/h2>\n\n\n\n<p class=\"has-text-align-center\">Chaque semaine de Juillet et Ao\u00fbt, nous vous proposons de passer quelques heures avec nous,<br>en toute intimit\u00e9, lors de balades, de visites ou m\u00eame de fin de soir\u00e9e illumin\u00e9e.<\/p>\n\n\n\n<h2 class=\"wp-block-heading has-text-align-center\">Visite guid\u00e9e de Sarlat la m\u00e9di\u00e9vale<\/h2>\n\n\n\n<div class=\"wp-block-columns is-layout-flex wp-container-core-columns-is-layout-9d6595d7 wp-block-columns-is-layout-flex\">\n<div class=\"wp-block-column is-layout-flow wp-block-column-is-layout-flow\" style=\"flex-basis:25%\">\n<h2 class=\"wp-block-heading\"><\/h2>\n\n\n\n<figure class=\"wp-block-image size-full\"><img loading=\"lazy\" decoding=\"async\" width=\"626\" height=\"458\" src=\"http:\/\/xswviag.cluster029.hosting.ovh.net\/wp-content\/uploads\/2024\/12\/la-boetie.jpg\" alt=\"\" class=\"wp-image-109\" srcset=\"https:\/\/www.lesgenestes.com\/wp-content\/uploads\/2024\/12\/la-boetie.jpg 626w, https:\/\/www.lesgenestes.com\/wp-content\/uploads\/2024\/12\/la-boetie-300x219.jpg 300w\" sizes=\"auto, (max-width: 626px) 100vw, 626px\" \/><\/figure>\n<\/div>\n\n\n\n<div class=\"wp-block-column is-layout-flow wp-block-column-is-layout-flow\" style=\"flex-basis:50%\">\n<p class=\"has-text-align-center\" style=\"line-height:1.2\">Durant environ 2h, \u00e0 travers les ruelles \u00e9troites, Adrien vous fera remonter le temps et d\u00e9couvrir les plus beaux monuments de Sarlat la m\u00e9di\u00e9vale.<br>&nbsp;Des restes du rempart \u00e0 la cath\u00e9drale en passant par ses nombreux h\u00f4tels particuliers, vous d\u00e9couvrirez ce patrimoine riche et sauvegard\u00e9 qui en fait une des merveilles du P\u00e9rigord.<\/p>\n\n\n\n<p class=\"has-text-align-center\" style=\"line-height:1\">Visite de 10h \u00e0 12h : minimum 8 participants<br>Tous les lundis matin<\/p>\n<\/div>\n\n\n\n<div class=\"wp-block-column is-layout-flow wp-block-column-is-layout-flow\"><\/div>\n\n\n\n<div class=\"wp-block-column is-layout-flow wp-block-column-is-layout-flow\" style=\"flex-basis:25%\">\n<h2 class=\"wp-block-heading\"><\/h2>\n\n\n\n<figure class=\"wp-block-image size-full\"><img loading=\"lazy\" decoding=\"async\" width=\"658\" height=\"536\" src=\"http:\/\/xswviag.cluster029.hosting.ovh.net\/wp-content\/uploads\/2025\/02\/sarlat.jpg\" alt=\"\" class=\"wp-image-400\" srcset=\"https:\/\/www.lesgenestes.com\/wp-content\/uploads\/2025\/02\/sarlat.jpg 658w, https:\/\/www.lesgenestes.com\/wp-content\/uploads\/2025\/02\/sarlat-300x244.jpg 300w\" sizes=\"auto, (max-width: 658px) 100vw, 658px\" \/><\/figure>\n<\/div>\n<\/div>\n\n\n\n<div class=\"wp-block-columns is-layout-flex wp-container-core-columns-is-layout-9d6595d7 wp-block-columns-is-layout-flex\">\n<div class=\"wp-block-column is-layout-flow wp-block-column-is-layout-flow\" style=\"flex-basis:25%\">\n<figure class=\"wp-block-image size-large\"><img loading=\"lazy\" decoding=\"async\" width=\"1024\" height=\"683\" src=\"http:\/\/xswviag.cluster029.hosting.ovh.net\/wp-content\/uploads\/2024\/12\/14-1024x683.jpg\" alt=\"\" class=\"wp-image-71\" srcset=\"https:\/\/www.lesgenestes.com\/wp-content\/uploads\/2024\/12\/14-1024x683.jpg 1024w, https:\/\/www.lesgenestes.com\/wp-content\/uploads\/2024\/12\/14-300x200.jpg 300w, https:\/\/www.lesgenestes.com\/wp-content\/uploads\/2024\/12\/14-768x512.jpg 768w, https:\/\/www.lesgenestes.com\/wp-content\/uploads\/2024\/12\/14.jpg 1388w\" sizes=\"auto, (max-width: 1024px) 100vw, 1024px\" \/><\/figure>\n\n\n\n<figure class=\"wp-block-image size-full is-resized\"><img loading=\"lazy\" decoding=\"async\" width=\"340\" height=\"247\" src=\"http:\/\/xswviag.cluster029.hosting.ovh.net\/wp-content\/uploads\/2024\/12\/maison-lauzes.jpg\" alt=\"\" class=\"wp-image-111\" style=\"width:202px;height:auto\" srcset=\"https:\/\/www.lesgenestes.com\/wp-content\/uploads\/2024\/12\/maison-lauzes.jpg 340w, https:\/\/www.lesgenestes.com\/wp-content\/uploads\/2024\/12\/maison-lauzes-300x218.jpg 300w\" sizes=\"auto, (max-width: 340px) 100vw, 340px\" \/><\/figure>\n<\/div>\n\n\n\n<div class=\"wp-block-column is-layout-flow wp-block-column-is-layout-flow\" style=\"flex-basis:50%\">\n<h2 class=\"wp-block-heading has-text-align-center\" style=\"line-height:1\">Balade comment\u00e9e :<br>La ferme de 1920 \u00e0 nos jours<br><\/h2>\n\n\n\n<p class=\"has-text-align-center\" style=\"line-height:1.2\">Depuis l&rsquo;achat de la ferme en 1920, jusqu&rsquo;\u00e0 nos jours, Durant une balade comment\u00e9e d\u00e9couvrez l&rsquo;histoire de la ferme, son achat, son \u00e9volution : des plantations de tabac, des vaches laiti\u00e8res en passant par l&rsquo;\u00e9levage de porcs, les debuts de l&rsquo;agritourisme pour terminer par le gavage et la transformation des palmip\u00e8des gras. A la fin de la balade, visite de la conserverie..<\/p>\n\n\n\n<p class=\"has-text-align-center\" style=\"line-height:1.2\">De 10h \u00e0 12h : minimum 8 participants<br>Tous les jeudis matin<\/p>\n<\/div>\n\n\n\n<div class=\"wp-block-column is-layout-flow wp-block-column-is-layout-flow\" style=\"flex-basis:25%\">\n<figure class=\"wp-block-image size-large\"><img loading=\"lazy\" decoding=\"async\" width=\"1024\" height=\"667\" src=\"http:\/\/xswviag.cluster029.hosting.ovh.net\/wp-content\/uploads\/2024\/12\/27356230_1513813682062632_4710624744521249318_o-1024x667.jpg\" alt=\"\" class=\"wp-image-83\" srcset=\"https:\/\/www.lesgenestes.com\/wp-content\/uploads\/2024\/12\/27356230_1513813682062632_4710624744521249318_o-1024x667.jpg 1024w, https:\/\/www.lesgenestes.com\/wp-content\/uploads\/2024\/12\/27356230_1513813682062632_4710624744521249318_o-300x195.jpg 300w, https:\/\/www.lesgenestes.com\/wp-content\/uploads\/2024\/12\/27356230_1513813682062632_4710624744521249318_o-768x500.jpg 768w, https:\/\/www.lesgenestes.com\/wp-content\/uploads\/2024\/12\/27356230_1513813682062632_4710624744521249318_o.jpg 1311w\" sizes=\"auto, (max-width: 1024px) 100vw, 1024px\" \/><\/figure>\n\n\n\n<figure class=\"wp-block-image size-large\"><img loading=\"lazy\" decoding=\"async\" width=\"1024\" height=\"683\" src=\"http:\/\/xswviag.cluster029.hosting.ovh.net\/wp-content\/uploads\/2024\/12\/14-1024x683.jpg\" alt=\"\" class=\"wp-image-71\" srcset=\"https:\/\/www.lesgenestes.com\/wp-content\/uploads\/2024\/12\/14-1024x683.jpg 1024w, https:\/\/www.lesgenestes.com\/wp-content\/uploads\/2024\/12\/14-300x200.jpg 300w, https:\/\/www.lesgenestes.com\/wp-content\/uploads\/2024\/12\/14-768x512.jpg 768w, https:\/\/www.lesgenestes.com\/wp-content\/uploads\/2024\/12\/14.jpg 1388w\" sizes=\"auto, (max-width: 1024px) 100vw, 1024px\" \/><\/figure>\n<\/div>\n<\/div>\n\n\n\n<div class=\"wp-block-columns is-layout-flex wp-container-core-columns-is-layout-9d6595d7 wp-block-columns-is-layout-flex\">\n<div class=\"wp-block-column is-layout-flow wp-block-column-is-layout-flow\" style=\"flex-basis:25%\">\n<figure class=\"wp-block-image size-full\"><img loading=\"lazy\" decoding=\"async\" width=\"345\" height=\"345\" src=\"http:\/\/xswviag.cluster029.hosting.ovh.net\/wp-content\/uploads\/2025\/02\/entree-grotte-edited-1.jpg\" alt=\"\" class=\"wp-image-402\" srcset=\"https:\/\/www.lesgenestes.com\/wp-content\/uploads\/2025\/02\/entree-grotte-edited-1.jpg 345w, https:\/\/www.lesgenestes.com\/wp-content\/uploads\/2025\/02\/entree-grotte-edited-1-300x300.jpg 300w, https:\/\/www.lesgenestes.com\/wp-content\/uploads\/2025\/02\/entree-grotte-edited-1-150x150.jpg 150w\" sizes=\"auto, (max-width: 345px) 100vw, 345px\" \/><\/figure>\n<\/div>\n\n\n\n<div class=\"wp-block-column is-layout-flow wp-block-column-is-layout-flow\" style=\"flex-basis:50%\">\n<h2 class=\"wp-block-heading has-text-align-center\" style=\"line-height:1\">Balade G\u00e9ologique :<\/h2>\n\n\n\n<p><\/p>\n\n\n\n<p class=\"has-text-align-center\" style=\"line-height:1.2\">Pour les plus courageux d&rsquo;entre vous, nous vous proposerons une fois par semaine apr\u00e8s le diner, une petite balade qui se terminera par une surprise g\u00e9ologique dans les profondeurs de notre sol calcaire.<\/p>\n<\/div>\n\n\n\n<div class=\"wp-block-column is-layout-flow wp-block-column-is-layout-flow\" style=\"flex-basis:25%\">\n<figure class=\"wp-block-image size-full\"><img loading=\"lazy\" decoding=\"async\" width=\"386\" height=\"386\" src=\"http:\/\/xswviag.cluster029.hosting.ovh.net\/wp-content\/uploads\/2025\/02\/fond-grotte-edited.jpg\" alt=\"\" class=\"wp-image-403\" srcset=\"https:\/\/www.lesgenestes.com\/wp-content\/uploads\/2025\/02\/fond-grotte-edited.jpg 386w, https:\/\/www.lesgenestes.com\/wp-content\/uploads\/2025\/02\/fond-grotte-edited-300x300.jpg 300w, https:\/\/www.lesgenestes.com\/wp-content\/uploads\/2025\/02\/fond-grotte-edited-150x150.jpg 150w\" sizes=\"auto, (max-width: 386px) 100vw, 386px\" \/><\/figure>\n<\/div>\n<\/div>\n\n\n\n<div class=\"wp-block-columns is-layout-flex wp-container-core-columns-is-layout-9d6595d7 wp-block-columns-is-layout-flex\">\n<div class=\"wp-block-column is-layout-flow wp-block-column-is-layout-flow\" style=\"flex-basis:25%\"><\/div>\n\n\n\n<div class=\"wp-block-column is-layout-flow wp-block-column-is-layout-flow\" style=\"flex-basis:50%\"><\/div>\n\n\n\n<div class=\"wp-block-column is-layout-flow wp-block-column-is-layout-flow\" style=\"flex-basis:25%\"><\/div>\n<\/div>\n\n\n\n<hr class=\"wp-block-separator has-alpha-channel-opacity is-style-wide\"\/>\n\n\n\n<p class=\"has-text-align-center has-text-color has-link-color wp-elements-958ed22dc9791c15b4f6365ff0ed9386\" style=\"color:#753e00\"><a>Famille MAZET &#8211; 219, impasse des Genestes &#8211; 24590 ST GENIES &#8211; Tel : 05 53 28 97 71 &#8211; <\/a><a href=\"mailto:contact@lesgenestes.com\">contact@lesgenestes.com<\/a><\/p>\n\n\n\n<hr class=\"wp-block-separator has-alpha-channel-opacity is-style-wide\"\/>\n\n\n\n<p><\/p>\n","protected":false},"excerpt":{"rendered":"<p>Les Temps forts \u00e0 la ferme (r\u00e9serv\u00e9 \u00e0 nos pensionnaires) Chaque semaine de Juillet et Ao\u00fbt, nous vous proposons de passer quelques heures avec nous,en toute intimit\u00e9, lors de balades, de visites ou m\u00eame de fin de soir\u00e9e illumin\u00e9e. Visite guid\u00e9e de Sarlat la m\u00e9di\u00e9vale Durant environ 2h, \u00e0 travers les ruelles \u00e9troites, Adrien vous&#8230;<\/p>\n","protected":false},"author":1,"featured_media":0,"parent":0,"menu_order":0,"comment_status":"closed","ping_status":"closed","template":"","meta":{"_kadence_starter_templates_imported_post":false,"_kad_post_transparent":"","_kad_post_title":"","_kad_post_layout":"","_kad_post_sidebar_id":"","_kad_post_content_style":"","_kad_post_vertical_padding":"","_kad_post_feature":"","_kad_post_feature_position":"","_kad_post_header":false,"_kad_post_footer":false,"footnotes":""},"class_list":["post-399","page","type-page","status-publish","hentry"],"_links":{"self":[{"href":"https:\/\/www.lesgenestes.com\/index.php\/wp-json\/wp\/v2\/pages\/399","targetHints":{"allow":["GET"]}}],"collection":[{"href":"https:\/\/www.lesgenestes.com\/index.php\/wp-json\/wp\/v2\/pages"}],"about":[{"href":"https:\/\/www.lesgenestes.com\/index.php\/wp-json\/wp\/v2\/types\/page"}],"author":[{"embeddable":true,"href":"https:\/\/www.lesgenestes.com\/index.php\/wp-json\/wp\/v2\/users\/1"}],"replies":[{"embeddable":true,"href":"https:\/\/www.lesgenestes.com\/index.php\/wp-json\/wp\/v2\/comments?post=399"}],"version-history":[{"count":15,"href":"https:\/\/www.lesgenestes.com\/index.php\/wp-json\/wp\/v2\/pages\/399\/revisions"}],"predecessor-version":[{"id":542,"href":"https:\/\/www.lesgenestes.com\/index.php\/wp-json\/wp\/v2\/pages\/399\/revisions\/542"}],"wp:attachment":[{"href":"https:\/\/www.lesgenestes.com\/index.php\/wp-json\/wp\/v2\/media?parent=399"}],"curies":[{"name":"wp","href":"https:\/\/api.w.org\/{rel}","templated":true}]}}