{"id":314,"date":"2024-12-23T11:34:25","date_gmt":"2024-12-23T10:34:25","guid":{"rendered":"http:\/\/xswviag.cluster029.hosting.ovh.net\/?page_id=314"},"modified":"2026-03-07T17:00:44","modified_gmt":"2026-03-07T16:00:44","slug":"ferme-auberge-2","status":"publish","type":"page","link":"https:\/\/www.lesgenestes.com\/index.php\/ferme-auberge-2\/","title":{"rendered":"Ferme Auberge"},"content":{"rendered":"<div class=\"wp-block-image\">\n<figure class=\"aligncenter size-full\"><img loading=\"lazy\" decoding=\"async\" width=\"507\" height=\"100\" src=\"https:\/\/www.lesgenestes.com\/wp-content\/uploads\/2024\/12\/logo.gif\" alt=\"\" class=\"wp-image-135\"\/><\/figure>\n<\/div>\n\n\n<h2 class=\"wp-block-heading has-text-align-center\" style=\"text-decoration:underline\">Ferme Auberge &#8211; Tarif 2026<\/h2>\n\n\n\n<p class=\"has-text-align-center has-text-color has-link-color has-medium-font-size wp-elements-d2f11b07ce048892f289fffcf0c32f5b\" style=\"color:#753e00;line-height:1\"><a>La ferme auberge<\/a>&nbsp;est ouverte le soir<a>&nbsp;de P\u00e2ques \u00e0 Toussaint<\/a>&nbsp;<a>. Ferm\u00e9 les midis sauf<br>pour les groupes ( A partir de 15-20 personnes).<br>R\u00e9servation recommand\u00e9e<\/a><\/p>\n\n\n\n<div style=\"height:30px\" aria-hidden=\"true\" class=\"wp-block-spacer\"><\/div>\n\n\n<div class=\"wp-block-image\">\n<figure class=\"aligncenter size-large is-resized has-custom-border\"><img loading=\"lazy\" decoding=\"async\" width=\"1024\" height=\"683\" src=\"http:\/\/xswviag.cluster029.hosting.ovh.net\/wp-content\/uploads\/2024\/12\/Salle-Bapteme-1024x683.jpg\" alt=\"\" class=\"wp-image-119\" style=\"border-width:3px;width:792px;height:auto\" srcset=\"https:\/\/www.lesgenestes.com\/wp-content\/uploads\/2024\/12\/Salle-Bapteme-1024x683.jpg 1024w, https:\/\/www.lesgenestes.com\/wp-content\/uploads\/2024\/12\/Salle-Bapteme-300x200.jpg 300w, https:\/\/www.lesgenestes.com\/wp-content\/uploads\/2024\/12\/Salle-Bapteme-768x512.jpg 768w, https:\/\/www.lesgenestes.com\/wp-content\/uploads\/2024\/12\/Salle-Bapteme-1536x1024.jpg 1536w, https:\/\/www.lesgenestes.com\/wp-content\/uploads\/2024\/12\/Salle-Bapteme.jpg 2048w\" sizes=\"auto, (max-width: 1024px) 100vw, 1024px\" \/><\/figure>\n<\/div>\n\n\n<h2 class=\"wp-block-heading has-text-align-center has-text-color has-link-color wp-elements-13ec03d7cd5f0af9d952c94c5c470f06\" id=\"menu\" style=\"color:#753e00;text-decoration:underline\">Ferme Auberge &#8211; Carte des Menus<\/h2>\n\n\n\n<p class=\"has-text-align-center has-text-color has-link-color has-medium-font-size wp-elements-f0e1e2cfd6907fb5f8822b90c78d222f\" style=\"color:#753e00\"><a>Merci de nous indiquer vos allergies lors de la prise de commande !!!<br><\/a><br><\/p>\n\n\n\n<div class=\"wp-block-columns is-layout-flex wp-container-core-columns-is-layout-9d6595d7 wp-block-columns-is-layout-flex\" style=\"border-width:3px\">\n<div class=\"wp-block-column is-layout-flow wp-block-column-is-layout-flow\" style=\"flex-basis:100%\">\n<h2 class=\"wp-block-heading has-text-align-center has-text-color has-link-color has-medium-font-size wp-elements-9bb266045ffa198e3e30fe694f802189\" style=\"color:#b15f02\"><br><strong><em><a>Menu enfant \u00e0 10,00 \u20ac<\/a><\/em><\/strong><\/h2>\n\n\n\n<p class=\"has-text-align-center has-text-color has-link-color wp-elements-7ee8af73401d7d65ebf9e04f9cebdc6b\" style=\"color:#753e00;font-size:17px;line-height:1.2\"><a>(- de 10 ans)<br><br>Rillettes pur canard<br>&#8212;&#8211;<br>Aiguillettes ou Manchons confit de canard<br>L\u00e9gumes du jour<br>&#8212;&#8211;<br>Sorbet Maison ou dessert du jour (suivant saison)<\/a><\/p>\n\n\n\n<p class=\"has-text-align-center has-text-color has-link-color wp-elements-594d42de163ec05803348d46f600c801\" style=\"color:#753e00;font-size:17px;line-height:1.2\"><\/p>\n<\/div>\n<\/div>\n\n\n\n<p class=\"has-text-align-center has-text-color has-link-color has-medium-font-size wp-elements-928beb69583587bb9442c599e8e49f2a\" style=\"color:#753e00\"><\/p>\n\n\n\n<div class=\"wp-block-columns is-layout-flex wp-container-core-columns-is-layout-9d6595d7 wp-block-columns-is-layout-flex\" style=\"border-width:3px\">\n<div class=\"wp-block-column is-layout-flow wp-block-column-is-layout-flow\" style=\"flex-basis:25%\">\n<h2 class=\"wp-block-heading has-text-align-center has-text-color has-link-color has-medium-font-size wp-elements-65e79b5ea666d21308c13bc1c04c92f2\" style=\"color:#b15f02\"><br><em><strong><a>Menu \u00e0 19,00 \u20ac<\/a><br><\/strong><\/em><\/h2>\n\n\n\n<div class=\"wp-block-columns is-layout-flex wp-container-core-columns-is-layout-9d6595d7 wp-block-columns-is-layout-flex\">\n<div class=\"wp-block-column is-layout-flow wp-block-column-is-layout-flow\">\n<p class=\"has-text-align-center has-text-color has-link-color wp-elements-3091f24e81e78f8dcd710561909fdba7\" style=\"color:#753e00;font-size:17px;line-height:1.2\"><a>Potage<br>&#8212;&#8211;<br>Rillettes pur canard<br>magret de canard s\u00e9ch\u00e9<br>&#8212;&#8211;<br>Demi cuisse de canard confite<br>L\u00e9gumes du jour<\/a><br>&#8212;&#8211;<br>Fromage ( supl 1,5 \u20ac )<a><br>&#8212;&#8211;<br>Dessert du jour<\/a><br><br><\/p>\n<\/div>\n<\/div>\n<\/div>\n\n\n\n<div class=\"wp-block-column is-layout-flow wp-block-column-is-layout-flow\" style=\"flex-basis:25%\">\n<h2 class=\"wp-block-heading has-text-align-center has-text-color has-link-color has-medium-font-size wp-elements-a9f9d7a23de598abd6cd3ff31ed93825\" style=\"color:#b15f02\"><br><strong><em><a>Menu \u00e0 24,00 \u20ac<\/a><br><\/em><\/strong><\/h2>\n\n\n\n<p class=\"has-text-align-center has-text-color has-link-color wp-elements-2323b45828d8a2b72739180d131858d3\" style=\"color:#753e00;font-size:17px;line-height:1.2\">Potage<br>&#8212;-<br>Cou de canard farci<br>&#8212;-<br>Magret ou Confit de canard<br>L\u00e9gumes du jour<br>&#8212;-<br>Fromage ( supl 1,5 \u20ac )<br>&#8212;-<br>Dessert du jour<\/p>\n<\/div>\n\n\n\n<div class=\"wp-block-column is-layout-flow wp-block-column-is-layout-flow\" style=\"flex-basis:25%\">\n<h2 class=\"wp-block-heading has-text-align-center has-text-color has-link-color has-medium-font-size wp-elements-d441c1d83df654bfb3a489d7d0da6569\" style=\"color:#b15f02\"><br><strong><em><a>Menu \u00e0 26 \u20ac<\/a><br><\/em><\/strong><\/h2>\n\n\n\n<p class=\"has-text-align-center has-text-color has-link-color wp-elements-8eb45623c877626fa29f80da3b9c68d5\" style=\"color:#753e00;font-size:17px;line-height:1.2\"><a>Potage<br>&#8212;-<br>Bloc de foie gras de canard<br>Magret s\u00e9ch\u00e9 farci au foie gras<br>&#8212;-<br>Magret ou confit de canard<br>Pommes de terre des Genestes<br>&#8212;-<br>Fromage ( supl 1,5 \u20ac )<br>&#8212;-<br>Dessert du jour<\/a><\/p>\n<\/div>\n\n\n\n<div class=\"wp-block-column is-layout-flow wp-block-column-is-layout-flow\" style=\"flex-basis:25%\">\n<h2 class=\"wp-block-heading has-text-align-center has-text-color has-link-color has-medium-font-size wp-elements-b44569081a979b3ca153405f051228c9\" style=\"color:#b15f02\"><br><strong><em><a>Menu \u00e0 32 \u20ac<\/a><br><\/em><\/strong><\/h2>\n\n\n\n<p class=\"has-text-align-center has-text-color has-link-color wp-elements-95f6b4bfe9c70184300bcf859bc990ab\" style=\"color:#753e00;font-size:17px;line-height:1.2\"><a>Potage<br>&#8212;-<br>Foie gras de canard entier<br>et son verre de Monbazillac<br>&#8212;-<br>Civet de canard ou Magret ou Confit de canard<br>Pommes de terre des Genestes<br>&#8212;-<br>Fromage<br>&#8212;-<br>Dessert du jour<\/a><\/p>\n\n\n\n<p class=\"has-text-align-center has-text-color has-link-color wp-elements-594d42de163ec05803348d46f600c801\" style=\"color:#753e00;font-size:17px;line-height:1.2\"><\/p>\n<\/div>\n<\/div>\n\n\n\n<p class=\"has-text-align-center has-text-color has-link-color has-medium-font-size wp-elements-928beb69583587bb9442c599e8e49f2a\" style=\"color:#753e00\"><\/p>\n\n\n<div class=\"n2-section-smartslider fitvidsignore  n2_clear\" data-ssid=\"1\" tabindex=\"0\" role=\"region\" aria-label=\"Slider\"><div id=\"n2-ss-1-align\" class=\"n2-ss-align\"><div class=\"n2-padding\"><div id=\"n2-ss-1\" data-creator=\"Smart Slider 3\" data-responsive=\"auto\" class=\"n2-ss-slider n2-ow n2-has-hover n2notransition  \">\n\n\n\n<div class=\"n2-ss-slider-wrapper-inside\">\n        <div class=\"n2-ss-slider-1 n2_ss__touch_element n2-ow\">\n            <div class=\"n2-ss-slider-2 n2-ow\">\n                                                <div class=\"n2-ss-slider-3 n2-ow\">\n\n                    <div class=\"n2-ss-slide-backgrounds n2-ow-all\"><div class=\"n2-ss-slide-background\" data-public-id=\"1\" data-mode=\"fit\"><div class=\"n2-ss-slide-background-image\" data-blur=\"0\" data-opacity=\"100\" data-x=\"50\" data-y=\"50\" data-alt=\"\" data-title=\"\"><picture class=\"skip-lazy\" data-skip-lazy=\"1\"><img decoding=\"async\" src=\"\/\/www.lesgenestes.com\/wp-content\/uploads\/2024\/12\/Presentation2.jpg\" alt=\"\" title=\"\" loading=\"lazy\" class=\"skip-lazy\" data-skip-lazy=\"1\"><\/picture><\/div><div data-color=\"RGBA(255,255,255,0)\" style=\"background-color: RGBA(255,255,255,0);\" class=\"n2-ss-slide-background-color\"><\/div><\/div><div class=\"n2-ss-slide-background\" data-public-id=\"2\" data-mode=\"fit\"><div class=\"n2-ss-slide-background-image\" data-blur=\"0\" data-opacity=\"100\" data-x=\"50\" data-y=\"50\" data-alt=\"\" data-title=\"\"><picture class=\"skip-lazy\" data-skip-lazy=\"1\"><img decoding=\"async\" src=\"\/\/www.lesgenestes.com\/wp-content\/uploads\/2024\/12\/Presentation.jpg\" alt=\"\" title=\"\" loading=\"lazy\" class=\"skip-lazy\" data-skip-lazy=\"1\"><\/picture><\/div><div data-color=\"RGBA(255,255,255,0)\" style=\"background-color: RGBA(255,255,255,0);\" class=\"n2-ss-slide-background-color\"><\/div><\/div><div class=\"n2-ss-slide-background\" data-public-id=\"3\" data-mode=\"fit\"><div class=\"n2-ss-slide-background-image\" data-blur=\"0\" data-opacity=\"100\" data-x=\"50\" data-y=\"50\" data-alt=\"\" data-title=\"\"><picture class=\"skip-lazy\" data-skip-lazy=\"1\"><img decoding=\"async\" src=\"\/\/www.lesgenestes.com\/wp-content\/uploads\/2024\/12\/Assiette2.jpg\" alt=\"\" title=\"\" loading=\"lazy\" class=\"skip-lazy\" data-skip-lazy=\"1\"><\/picture><\/div><div data-color=\"RGBA(255,255,255,0)\" style=\"background-color: RGBA(255,255,255,0);\" class=\"n2-ss-slide-background-color\"><\/div><\/div><div class=\"n2-ss-slide-background\" data-public-id=\"4\" data-mode=\"fit\"><div class=\"n2-ss-slide-background-image\" data-blur=\"0\" data-opacity=\"100\" data-x=\"50\" data-y=\"50\" data-alt=\"\" data-title=\"\"><picture class=\"skip-lazy\" data-skip-lazy=\"1\"><img decoding=\"async\" src=\"\/\/www.lesgenestes.com\/wp-content\/uploads\/2024\/12\/Assiette1.jpg\" alt=\"\" title=\"\" loading=\"lazy\" class=\"skip-lazy\" data-skip-lazy=\"1\"><\/picture><\/div><div data-color=\"RGBA(255,255,255,0)\" style=\"background-color: RGBA(255,255,255,0);\" class=\"n2-ss-slide-background-color\"><\/div><\/div><\/div>                    <div class=\"n2-ss-slider-4 n2-ow\">\n                        <svg xmlns=\"http:\/\/www.w3.org\/2000\/svg\" viewBox=\"0 0 500 500\" data-related-device=\"desktopPortrait\" class=\"n2-ow n2-ss-preserve-size n2-ss-preserve-size--slider n2-ss-slide-limiter\"><\/svg><div data-first=\"1\" data-slide-duration=\"0\" data-id=\"3\" data-slide-public-id=\"1\" data-title=\"Presentation2\" class=\"n2-ss-slide n2-ow  n2-ss-slide-3\"><div role=\"note\" class=\"n2-ss-slide--focus\" tabindex=\"-1\">Presentation2<\/div><div class=\"n2-ss-layers-container n2-ss-slide-limiter n2-ow\"><div class=\"n2-ss-layer n2-ow n-uc-ZkUj2uvs0i3N\" data-sstype=\"slide\" data-pm=\"default\"><\/div><\/div><\/div><div data-slide-duration=\"0\" data-id=\"4\" data-slide-public-id=\"2\" data-title=\"Presentation\" class=\"n2-ss-slide n2-ow  n2-ss-slide-4\"><div role=\"note\" class=\"n2-ss-slide--focus\" tabindex=\"-1\">Presentation<\/div><div class=\"n2-ss-layers-container n2-ss-slide-limiter n2-ow\"><div class=\"n2-ss-layer n2-ow n-uc-oQenoTrgyuky\" data-sstype=\"slide\" data-pm=\"default\"><\/div><\/div><\/div><div data-slide-duration=\"0\" data-id=\"5\" data-slide-public-id=\"3\" data-title=\"Assiette2\" class=\"n2-ss-slide n2-ow  n2-ss-slide-5\"><div role=\"note\" class=\"n2-ss-slide--focus\" tabindex=\"-1\">Assiette2<\/div><div class=\"n2-ss-layers-container n2-ss-slide-limiter n2-ow\"><div class=\"n2-ss-layer n2-ow n-uc-7QpSxBV2svZu\" data-sstype=\"slide\" data-pm=\"default\"><\/div><\/div><\/div><div data-slide-duration=\"0\" data-id=\"6\" data-slide-public-id=\"4\" data-title=\"Assiette1\" class=\"n2-ss-slide n2-ow  n2-ss-slide-6\"><div role=\"note\" class=\"n2-ss-slide--focus\" tabindex=\"-1\">Assiette1<\/div><div class=\"n2-ss-layers-container n2-ss-slide-limiter n2-ow\"><div class=\"n2-ss-layer n2-ow n-uc-Nr9GgeiG6Ykq\" data-sstype=\"slide\" data-pm=\"default\"><\/div><\/div><\/div>                    <\/div>\n\n                                    <\/div>\n            <\/div>\n        <\/div>\n        <div class=\"n2-ss-slider-controls n2-ss-slider-controls-absolute-left-center\"><div style=\"--widget-offset:15px;\" class=\"n2-ss-widget nextend-arrow n2-ow-all nextend-arrow-previous  nextend-arrow-animated-fade\" data-hide-mobileportrait=\"1\" id=\"n2-ss-1-arrow-previous\" role=\"button\" aria-label=\"previous arrow\" tabindex=\"0\"><img loading=\"lazy\" decoding=\"async\" width=\"32\" height=\"32\" class=\"n2-arrow-normal-img skip-lazy\" data-skip-lazy=\"1\" src=\"data:image\/svg+xml;base64,PHN2ZyB3aWR0aD0iMzIiIGhlaWdodD0iMzIiIHZpZXdCb3g9IjAgMCAzMiAzMiIgeG1sbnM9Imh0dHA6Ly93d3cudzMub3JnLzIwMDAvc3ZnIj4KICAgIDxwYXRoIGQ9Ik0xMS40MzMgMTUuOTkyTDIyLjY5IDUuNzEyYy4zOTMtLjM5LjM5My0xLjAzIDAtMS40Mi0uMzkzLS4zOS0xLjAzLS4zOS0xLjQyMyAwbC0xMS45OCAxMC45NGMtLjIxLjIxLS4zLjQ5LS4yODUuNzYtLjAxNS4yOC4wNzUuNTYuMjg0Ljc3bDExLjk4IDEwLjk0Yy4zOTMuMzkgMS4wMy4zOSAxLjQyNCAwIC4zOTMtLjQuMzkzLTEuMDMgMC0xLjQybC0xMS4yNTctMTAuMjkiCiAgICAgICAgICBmaWxsPSIjNzUzZTAwIiBvcGFjaXR5PSIxIiBmaWxsLXJ1bGU9ImV2ZW5vZGQiLz4KPC9zdmc+\" alt=\"previous arrow\"><img loading=\"lazy\" decoding=\"async\" width=\"32\" height=\"32\" class=\"n2-arrow-hover-img skip-lazy\" data-skip-lazy=\"1\" src=\"data:image\/svg+xml;base64,PHN2ZyB3aWR0aD0iMzIiIGhlaWdodD0iMzIiIHZpZXdCb3g9IjAgMCAzMiAzMiIgeG1sbnM9Imh0dHA6Ly93d3cudzMub3JnLzIwMDAvc3ZnIj4KICAgIDxwYXRoIGQ9Ik0xMS40MzMgMTUuOTkyTDIyLjY5IDUuNzEyYy4zOTMtLjM5LjM5My0xLjAzIDAtMS40Mi0uMzkzLS4zOS0xLjAzLS4zOS0xLjQyMyAwbC0xMS45OCAxMC45NGMtLjIxLjIxLS4zLjQ5LS4yODUuNzYtLjAxNS4yOC4wNzUuNTYuMjg0Ljc3bDExLjk4IDEwLjk0Yy4zOTMuMzkgMS4wMy4zOSAxLjQyNCAwIC4zOTMtLjQuMzkzLTEuMDMgMC0xLjQybC0xMS4yNTctMTAuMjkiCiAgICAgICAgICBmaWxsPSIjZmZmZmZmIiBvcGFjaXR5PSIxIiBmaWxsLXJ1bGU9ImV2ZW5vZGQiLz4KPC9zdmc+\" alt=\"previous arrow\"><\/div><\/div><div class=\"n2-ss-slider-controls n2-ss-slider-controls-absolute-right-center\"><div style=\"--widget-offset:15px;\" class=\"n2-ss-widget nextend-arrow n2-ow-all nextend-arrow-next  nextend-arrow-animated-fade\" data-hide-mobileportrait=\"1\" id=\"n2-ss-1-arrow-next\" role=\"button\" aria-label=\"next arrow\" tabindex=\"0\"><img loading=\"lazy\" decoding=\"async\" width=\"32\" height=\"32\" class=\"n2-arrow-normal-img skip-lazy\" data-skip-lazy=\"1\" src=\"data:image\/svg+xml;base64,PHN2ZyB3aWR0aD0iMzIiIGhlaWdodD0iMzIiIHZpZXdCb3g9IjAgMCAzMiAzMiIgeG1sbnM9Imh0dHA6Ly93d3cudzMub3JnLzIwMDAvc3ZnIj4KICAgIDxwYXRoIGQ9Ik0xMC43MjIgNC4yOTNjLS4zOTQtLjM5LTEuMDMyLS4zOS0xLjQyNyAwLS4zOTMuMzktLjM5MyAxLjAzIDAgMS40MmwxMS4yODMgMTAuMjgtMTEuMjgzIDEwLjI5Yy0uMzkzLjM5LS4zOTMgMS4wMiAwIDEuNDIuMzk1LjM5IDEuMDMzLjM5IDEuNDI3IDBsMTIuMDA3LTEwLjk0Yy4yMS0uMjEuMy0uNDkuMjg0LS43Ny4wMTQtLjI3LS4wNzYtLjU1LS4yODYtLjc2TDEwLjcyIDQuMjkzeiIKICAgICAgICAgIGZpbGw9IiM3NTNlMDAiIG9wYWNpdHk9IjEiIGZpbGwtcnVsZT0iZXZlbm9kZCIvPgo8L3N2Zz4=\" alt=\"next arrow\"><img loading=\"lazy\" decoding=\"async\" width=\"32\" height=\"32\" class=\"n2-arrow-hover-img skip-lazy\" data-skip-lazy=\"1\" src=\"data:image\/svg+xml;base64,PHN2ZyB3aWR0aD0iMzIiIGhlaWdodD0iMzIiIHZpZXdCb3g9IjAgMCAzMiAzMiIgeG1sbnM9Imh0dHA6Ly93d3cudzMub3JnLzIwMDAvc3ZnIj4KICAgIDxwYXRoIGQ9Ik0xMC43MjIgNC4yOTNjLS4zOTQtLjM5LTEuMDMyLS4zOS0xLjQyNyAwLS4zOTMuMzktLjM5MyAxLjAzIDAgMS40MmwxMS4yODMgMTAuMjgtMTEuMjgzIDEwLjI5Yy0uMzkzLjM5LS4zOTMgMS4wMiAwIDEuNDIuMzk1LjM5IDEuMDMzLjM5IDEuNDI3IDBsMTIuMDA3LTEwLjk0Yy4yMS0uMjEuMy0uNDkuMjg0LS43Ny4wMTQtLjI3LS4wNzYtLjU1LS4yODYtLjc2TDEwLjcyIDQuMjkzeiIKICAgICAgICAgIGZpbGw9IiNmZmZmZmYiIG9wYWNpdHk9IjEiIGZpbGwtcnVsZT0iZXZlbm9kZCIvPgo8L3N2Zz4=\" alt=\"next arrow\"><\/div><\/div><div class=\"n2-ss-slider-controls n2-ss-slider-controls-absolute-center-bottom\"><div style=\"--widget-offset:5px;\" class=\"n2-ss-widget n2-ss-control-bullet n2-ow-all n2-ss-control-bullet-horizontal\"><div class=\" nextend-bullet-bar n2-bar-justify-content-center\" role=\"group\" aria-label=\"Choose slide to display.\"><div class=\"n2-bullet n2-style-37b83350d88fb82e7ea26e8ad7887167-dot \" style=\"visibility:hidden;\"><\/div><\/div><\/div><\/div><\/div><\/div><ss3-loader><\/ss3-loader><\/div><\/div><div class=\"n2_clear\"><\/div><\/div>\n\n\n<h2 class=\"wp-block-heading\"><\/h2>\n\n\n\n<div class=\"wp-block-columns is-layout-flex wp-container-core-columns-is-layout-9d6595d7 wp-block-columns-is-layout-flex\" style=\"border-width:3px\">\n<div class=\"wp-block-column is-layout-flow wp-block-column-is-layout-flow\" style=\"flex-basis:50%\">\n<h2 class=\"wp-block-heading has-text-align-center has-text-color has-link-color wp-elements-de3ba91b13063ac1c6f22d2a1bc22999\" style=\"color:#b15f02;font-size:23px;line-height:1\"><br><strong><em>Menu \u00e0 la carte : <\/em><\/strong><br><strong><em>seulement Juillet et Aout<br><\/em><\/strong><\/h2>\n\n\n\n<p class=\"has-text-align-center\"><\/p>\n\n\n\n<div class=\"wp-block-columns is-layout-flex wp-container-core-columns-is-layout-9d6595d7 wp-block-columns-is-layout-flex\">\n<div class=\"wp-block-column is-layout-flow wp-block-column-is-layout-flow\">\n<p class=\"has-text-align-center has-text-color has-link-color wp-elements-c5837e0f0b0aced913529815adce37a6\" style=\"color:#753e00;font-size:17px;line-height:1.1\">Rillettes et magret s\u00e9ch\u00e9 de canard :<strong>&nbsp;8 \u20ac<\/strong><br>Terrine et Cou de canard farci foie gras:<strong>&nbsp;10 \u20ac<\/strong><br>Bloc de foie gras de canard<br>Magret s\u00e9ch\u00e9 farci au foie gras :&nbsp;<strong>12 \u20ac<\/strong><br>Duo de foie gras de canard :<strong>&nbsp;18 \u20ac<\/strong><br><br>Salade de g\u00e9siers de canard confits :&nbsp;<strong>9 \u20ac<\/strong><br>(tomate, salade, g\u00e9siers de canard, noix)<br>Salade gourmande :<strong>&nbsp;13 \u20ac<br><\/strong>(bloc de foie gras, rillettes, magret s\u00e9ch\u00e9 )<br>Salade des genestes :<strong>&nbsp;19 \u20ac<br><\/strong>(foie gras de canard mi cuit, magret s\u00e9ch\u00e9 far\u00e7i, cou far\u00e7i)<br><br>Omelette au rocamadour :<strong>&nbsp;9 \u20ac<br><\/strong>Salade de rocamadour chaud :&nbsp;<strong>8 \u20ac<\/strong><br>tomate, salade, noix Rocamadour fermier<br> (nature, miel,ou herbe)<br><br>Confit de canard garni :<strong>&nbsp;14,00 \u20ac<br><\/strong>Magret de canard garni :<strong>&nbsp;14,00 \u20ac<\/strong><br>Aiguillettes de canard garni : <strong>14,00 \u20ac<\/strong> <br><br><strong>Entr\u00e9e et plat \u00e0 partager (2pers) :<\/strong><br><br>Feuillet\u00e9 de rillettes aux pommes :<strong>&nbsp;8\u20ac \/ pers<br><\/strong>Omelette ou Brouillade aux truffes :<strong>15\u20ac \/ pers<\/strong><\/p>\n\n\n\n<div class=\"wp-block-group\"><div class=\"wp-block-group__inner-container is-layout-constrained wp-block-group-is-layout-constrained\">\n<p class=\"has-text-align-center has-text-color has-link-color wp-elements-8b10839415fe883aad1279cdfcae49a2\" style=\"color:#753e00;font-size:17px;line-height:1.1\">Cassoulade au confit de canard :<strong>&nbsp;16,00 \u20ac \/ pers<\/strong><br>Civet de canard garni :<strong>&nbsp;16,00 \u20ac \/ pers<\/strong><br><br>Fromage :<strong>&nbsp;2,50 \u20ac<\/strong><br>Dessert du jour :<strong>&nbsp;5 \u20ac<\/strong><br><\/p>\n\n\n\n<p class=\"has-text-align-center has-text-color has-link-color wp-elements-029c852ed21e5581f26b59ff02c70468\" style=\"color:#753e00;font-size:17px;line-height:1.1\"><\/p>\n<\/div><\/div>\n<\/div>\n<\/div>\n<\/div>\n\n\n\n<div class=\"wp-block-column is-layout-flow wp-block-column-is-layout-flow\" style=\"flex-basis:50%\">\n<h2 class=\"wp-block-heading has-text-align-center has-text-color has-link-color wp-elements-f00676a2359a6bc0f9445177356948e9\" style=\"color:#b15f02;font-size:23px;line-height:1.2\"><br><strong><em>Carte des Boissons<\/em><\/strong><\/h2>\n\n\n\n<p class=\"has-text-align-center\" style=\"line-height:1.1\"><br><br>Badoit ou Evian &#8211;\u00a0<strong>50cl : 3 \u20ac &#8211; 100 cl : 5 \u20ac<\/strong><br><br><strong>Ap\u00e9ritif:<\/strong><br><br>Vin de noyer maison, vin de p\u00eache &#8211;\u00a0<strong>9 cl : 4,00 \u20ac<\/strong><br>ou kir au fruits rouges<br>Bi\u00e8res Artisanales \u00ab\u00a0Brass\u00e9e 24\u00a0\u00bb &#8211;<strong>\u00a033 cl : 5,00 \u20ac<\/strong><br>Jus de Pomme artisanal-\u00a0<strong>25 cl : 3,50 \u20ac<\/strong><br>Jus de Pomme artisanal-\u00a0<strong>100 cl : 10 \u20ac<\/strong><br><br><strong>Vins:<br><br><\/strong>AOC Bergerac rouge, ros\u00e9 au pichet <strong>\u00a0<\/strong><br><strong>50 cl : 5 \u20ac &#8211; 100 cl : 8 \u20ac<\/strong><\/p>\n\n\n\n<p class=\"has-text-align-center\" style=\"line-height:1.1\"><strong>Ch\u00e2teau Terre Vieille ( vendanges mains ) :<br><br><\/strong>P\u00e9charmant Chevalier<strong> &#8211; 75 cl : 18 \u20ac<\/strong><br>P\u00e9charmant F\u00fbts de ch\u00eane &#8211;&nbsp;<strong>37 cl : 15 \u20ac &#8211; 75 cl : 24 \u20ac<\/strong><\/p>\n\n\n\n<p class=\"has-text-align-center\" style=\"line-height:1.1\"><strong>Terre d&rsquo;Histoire<\/strong><br><br>C\u00f4tes de Bergerac rouge<strong>&nbsp;&#8211; 75 cl : 12,5 \u20ac<\/strong><br>C\u00f4tes de Bergerac ros\u00e9 &#8211;&nbsp;<strong>75 cl : 12,5 \u20ac<\/strong><br>Bergerac Blanc Sec Sauvignon &#8211;&nbsp;<strong>75 cl : 12,5 \u20ac<\/strong><br>Rosette : blanc doux et fruit\u00e9 &#8211;<strong>&nbsp;13cl : 4 \u20ac &#8211; 75 cl : 16 \u20ac<\/strong><br>Monbazillac &#8211;<strong>&nbsp;13cl : 4,50 \u20ac &#8211; 75 cl : 18 \u20ac<\/strong><br><br><strong>Digestif<\/strong>&nbsp;: eau de vie de Prune, Poire &#8211;<strong>&nbsp;3cl : 3 \u20ac<br><\/strong><br><strong>Caf\u00e9 ou tilleul maison&nbsp;: 2,00 \u20ac<\/strong><\/p>\n\n\n\n<p class=\"has-text-align-center\" style=\"line-height:1.1\"><\/p>\n<\/div>\n<\/div>\n\n\n\n<div class=\"wp-block-columns is-layout-flex wp-container-core-columns-is-layout-9d6595d7 wp-block-columns-is-layout-flex\">\n<div class=\"wp-block-column is-layout-flow wp-block-column-is-layout-flow\">\n<h2 class=\"wp-block-heading has-text-align-center has-text-color has-link-color wp-elements-45c53c89d98f73450eb22ce80ad8c282\" style=\"color:#b15f02\">Table d&rsquo;h\u00f4tes &#8211; Exemples de menus en demi-pension pour nos h\u00f4tes<\/h2>\n<\/div>\n<\/div>\n\n\n\n<figure style=\"line-height:1.2\" class=\"wp-block-table\"><table class=\"has-border-color has-fixed-layout\" style=\"border-color:#753e00\"><tbody><tr><td class=\"has-text-align-center\" data-align=\"center\">Potage,<br> Foie gras de canard mi cuit<br>Rago\u00fbt de courgettes<br>cous et c\u0153ur de canard confits<br> g\u00e2teau aux noix<\/td><td class=\"has-text-align-center\" data-align=\"center\">Perles du japon, <br>Cou de canard farci<br>Gratin de courgettes et chou fleur<br>Cuisses de canard r\u00f4ties<br>Tarte aux noix<\/td><td class=\"has-text-align-center\" data-align=\"center\">Tourrain, <br>Salades de g\u00e9siers<br>Pommes de terre des Genestes<br>Civet de canard<br>Fromage, Glace<\/td><\/tr><tr><td class=\"has-text-align-center\" data-align=\"center\">Potage,<br> Magret s\u00e9ch\u00e9 farci au foie gras<br>Haricots verts<br>Manchons de canard<br>Cajasse du P\u00e9rigord<\/td><td class=\"has-text-align-center\" data-align=\"center\">Velout\u00e9 de l\u00e9gumes<br>Bloc de foie gras de canard<br>pommes de terre et courgettes farcies<br>Fromage<br>Millassou<\/td><td class=\"has-text-align-center\" data-align=\"center\">Soupe au pain, <br>Terrine au foie de canard<br>Confit de canard aux carottes<br>Tartes aux pommes<\/td><\/tr><\/tbody><\/table><\/figure>\n\n\n\n<p class=\"has-text-align-center\" style=\"line-height:1\">Le vin de table, caf\u00e9 ou infusion au tilleul maison sont compris dans le menu demi-pension.<br><br>Notre activit\u00e9 auberge est inscrite au registre du commerce et son n\u00b0 siret est : 89398543200028<br>Nous sommes \u00e9galement assujettis \u00e0 la facturation de la TVA sous le n\u00b0 FROA893985432<\/p>\n\n\n\n<hr class=\"wp-block-separator has-alpha-channel-opacity is-style-wide\"\/>\n\n\n\n<p class=\"has-text-align-center has-text-color has-link-color wp-elements-73bbee8a8295c8145998d8474f00023d\" style=\"color:#753e00\"><a>Famille MAZET \u2013 219, impasse des Genestes \u2013 24590 ST GENIES \u2013 Tel : 05 53 28 97 71 \u2013&nbsp;<\/a><a href=\"mailto:contact@lesgenestes.com\">contact@lesgenestes.com<\/a><\/p>\n\n\n\n<hr class=\"wp-block-separator has-alpha-channel-opacity is-style-wide\"\/>\n\n\n\n<p><\/p>\n","protected":false},"excerpt":{"rendered":"<p>Ferme Auberge &#8211; Tarif 2026 La ferme auberge&nbsp;est ouverte le soir&nbsp;de P\u00e2ques \u00e0 Toussaint&nbsp;. Ferm\u00e9 les midis saufpour les groupes ( A partir de 15-20 personnes).R\u00e9servation recommand\u00e9e Ferme Auberge &#8211; Carte des Menus Merci de nous indiquer vos allergies lors de la prise de commande !!! Menu enfant \u00e0 10,00 \u20ac (- de 10 ans)&#8230;<\/p>\n","protected":false},"author":1,"featured_media":0,"parent":0,"menu_order":0,"comment_status":"closed","ping_status":"closed","template":"","meta":{"_kadence_starter_templates_imported_post":false,"_kad_post_transparent":"","_kad_post_title":"","_kad_post_layout":"","_kad_post_sidebar_id":"","_kad_post_content_style":"","_kad_post_vertical_padding":"","_kad_post_feature":"","_kad_post_feature_position":"","_kad_post_header":false,"_kad_post_footer":false,"footnotes":""},"class_list":["post-314","page","type-page","status-publish","hentry"],"_links":{"self":[{"href":"https:\/\/www.lesgenestes.com\/index.php\/wp-json\/wp\/v2\/pages\/314","targetHints":{"allow":["GET"]}}],"collection":[{"href":"https:\/\/www.lesgenestes.com\/index.php\/wp-json\/wp\/v2\/pages"}],"about":[{"href":"https:\/\/www.lesgenestes.com\/index.php\/wp-json\/wp\/v2\/types\/page"}],"author":[{"embeddable":true,"href":"https:\/\/www.lesgenestes.com\/index.php\/wp-json\/wp\/v2\/users\/1"}],"replies":[{"embeddable":true,"href":"https:\/\/www.lesgenestes.com\/index.php\/wp-json\/wp\/v2\/comments?post=314"}],"version-history":[{"count":56,"href":"https:\/\/www.lesgenestes.com\/index.php\/wp-json\/wp\/v2\/pages\/314\/revisions"}],"predecessor-version":[{"id":577,"href":"https:\/\/www.lesgenestes.com\/index.php\/wp-json\/wp\/v2\/pages\/314\/revisions\/577"}],"wp:attachment":[{"href":"https:\/\/www.lesgenestes.com\/index.php\/wp-json\/wp\/v2\/media?parent=314"}],"curies":[{"name":"wp","href":"https:\/\/api.w.org\/{rel}","templated":true}]}}