{"id":183,"date":"2024-12-21T17:31:46","date_gmt":"2024-12-21T16:31:46","guid":{"rendered":"http:\/\/xswviag.cluster029.hosting.ovh.net\/?page_id=183"},"modified":"2026-02-12T09:27:25","modified_gmt":"2026-02-12T08:27:25","slug":"histoire","status":"publish","type":"page","link":"https:\/\/www.lesgenestes.com\/index.php\/histoire\/","title":{"rendered":"Histoire"},"content":{"rendered":"<div class=\"wp-block-image\">\n<figure class=\"aligncenter size-full\"><img loading=\"lazy\" decoding=\"async\" width=\"507\" height=\"100\" src=\"https:\/\/www.lesgenestes.com\/wp-content\/uploads\/2024\/12\/logo.gif\" alt=\"\" class=\"wp-image-135\"\/><\/figure>\n<\/div>\n\n\n<h2 class=\"wp-block-heading has-text-align-center\" style=\"text-decoration:underline\">La ferme auberge et ses myst\u00e8res au fil du temps<\/h2>\n\n\n\n<div style=\"height:20px\" aria-hidden=\"true\" class=\"wp-block-spacer\"><\/div>\n\n\n\n<div class=\"wp-block-columns is-layout-flex wp-container-core-columns-is-layout-9d6595d7 wp-block-columns-is-layout-flex\">\n<div class=\"wp-block-column is-layout-flow wp-block-column-is-layout-flow\" style=\"flex-basis:25%\">\n<figure data-wp-context=\"{&quot;imageId&quot;:&quot;69f209121eb30&quot;}\" data-wp-interactive=\"core\/image\" data-wp-key=\"69f209121eb30\" class=\"wp-block-image size-full is-resized has-custom-border wp-lightbox-container\"><img loading=\"lazy\" decoding=\"async\" width=\"345\" height=\"534\" data-wp-class--hide=\"state.isContentHidden\" data-wp-class--show=\"state.isContentVisible\" data-wp-init=\"callbacks.setButtonStyles\" data-wp-on--click=\"actions.showLightbox\" data-wp-on--load=\"callbacks.setButtonStyles\" data-wp-on-window--resize=\"callbacks.setButtonStyles\" src=\"http:\/\/xswviag.cluster029.hosting.ovh.net\/wp-content\/uploads\/2024\/12\/entree-grotte.jpg\" alt=\"\" class=\"has-border-color wp-image-270\" style=\"border-color:#753e00;border-width:3px;width:160px;height:auto\" srcset=\"https:\/\/www.lesgenestes.com\/wp-content\/uploads\/2024\/12\/entree-grotte.jpg 345w, https:\/\/www.lesgenestes.com\/wp-content\/uploads\/2024\/12\/entree-grotte-194x300.jpg 194w\" sizes=\"auto, (max-width: 345px) 100vw, 345px\" \/><button\n\t\t\tclass=\"lightbox-trigger\"\n\t\t\ttype=\"button\"\n\t\t\taria-haspopup=\"dialog\"\n\t\t\taria-label=\"Agrandir\"\n\t\t\tdata-wp-init=\"callbacks.initTriggerButton\"\n\t\t\tdata-wp-on--click=\"actions.showLightbox\"\n\t\t\tdata-wp-style--right=\"state.imageButtonRight\"\n\t\t\tdata-wp-style--top=\"state.imageButtonTop\"\n\t\t>\n\t\t\t<svg xmlns=\"http:\/\/www.w3.org\/2000\/svg\" width=\"12\" height=\"12\" fill=\"none\" viewBox=\"0 0 12 12\">\n\t\t\t\t<path fill=\"#fff\" d=\"M2 0a2 2 0 0 0-2 2v2h1.5V2a.5.5 0 0 1 .5-.5h2V0H2Zm2 10.5H2a.5.5 0 0 1-.5-.5V8H0v2a2 2 0 0 0 2 2h2v-1.5ZM8 12v-1.5h2a.5.5 0 0 0 .5-.5V8H12v2a2 2 0 0 1-2 2H8Zm2-12a2 2 0 0 1 2 2v2h-1.5V2a.5.5 0 0 0-.5-.5H8V0h2Z\" \/>\n\t\t\t<\/svg>\n\t\t<\/button><\/figure>\n<\/div>\n\n\n\n<div class=\"wp-block-column is-layout-flow wp-block-column-is-layout-flow\" style=\"flex-basis:50%\">\n<p class=\"has-text-align-center has-medium-font-size\" style=\"line-height:1\"><br>Un des premiers habitats sur la propri\u00e9t\u00e9 fut s\u00fbrement une grotte que nous avons remise \u00e0 jour fin 2012.<br>Plus d&rsquo;une dizaine de tonnes de terre ont \u00e9t\u00e9 retir\u00e9es pour permettre l&rsquo;acc\u00e8s \u00e0 une galerie primaire d&rsquo;une quarantaine de m\u00e8tres de long.<br>M\u00eame si les premiers hommes n&rsquo;occup\u00e8rent certes pas cet endroit en permanence du fait que son entr\u00e9e soit inf\u00e9rieure au niveau actuel du relief environnant, ils purent s&rsquo;en servir comme lieu de repli strat\u00e9gique.<\/p>\n<\/div>\n\n\n\n<div class=\"wp-block-column is-layout-flow wp-block-column-is-layout-flow\" style=\"flex-basis:25%\">\n<figure data-wp-context=\"{&quot;imageId&quot;:&quot;69f209121f045&quot;}\" data-wp-interactive=\"core\/image\" data-wp-key=\"69f209121f045\" class=\"wp-block-image size-full is-resized has-custom-border is-style-default wp-lightbox-container\"><img loading=\"lazy\" decoding=\"async\" width=\"345\" height=\"534\" data-wp-class--hide=\"state.isContentHidden\" data-wp-class--show=\"state.isContentVisible\" data-wp-init=\"callbacks.setButtonStyles\" data-wp-on--click=\"actions.showLightbox\" data-wp-on--load=\"callbacks.setButtonStyles\" data-wp-on-window--resize=\"callbacks.setButtonStyles\" src=\"http:\/\/xswviag.cluster029.hosting.ovh.net\/wp-content\/uploads\/2024\/12\/galerie-grotte.jpg\" alt=\"\" class=\"has-border-color wp-image-272\" style=\"border-color:#753e00;border-width:3px;border-radius:0px;width:159px;height:auto\" srcset=\"https:\/\/www.lesgenestes.com\/wp-content\/uploads\/2024\/12\/galerie-grotte.jpg 345w, https:\/\/www.lesgenestes.com\/wp-content\/uploads\/2024\/12\/galerie-grotte-194x300.jpg 194w\" sizes=\"auto, (max-width: 345px) 100vw, 345px\" \/><button\n\t\t\tclass=\"lightbox-trigger\"\n\t\t\ttype=\"button\"\n\t\t\taria-haspopup=\"dialog\"\n\t\t\taria-label=\"Agrandir\"\n\t\t\tdata-wp-init=\"callbacks.initTriggerButton\"\n\t\t\tdata-wp-on--click=\"actions.showLightbox\"\n\t\t\tdata-wp-style--right=\"state.imageButtonRight\"\n\t\t\tdata-wp-style--top=\"state.imageButtonTop\"\n\t\t>\n\t\t\t<svg xmlns=\"http:\/\/www.w3.org\/2000\/svg\" width=\"12\" height=\"12\" fill=\"none\" viewBox=\"0 0 12 12\">\n\t\t\t\t<path fill=\"#fff\" d=\"M2 0a2 2 0 0 0-2 2v2h1.5V2a.5.5 0 0 1 .5-.5h2V0H2Zm2 10.5H2a.5.5 0 0 1-.5-.5V8H0v2a2 2 0 0 0 2 2h2v-1.5ZM8 12v-1.5h2a.5.5 0 0 0 .5-.5V8H12v2a2 2 0 0 1-2 2H8Zm2-12a2 2 0 0 1 2 2v2h-1.5V2a.5.5 0 0 0-.5-.5H8V0h2Z\" \/>\n\t\t\t<\/svg>\n\t\t<\/button><\/figure>\n<\/div>\n<\/div>\n\n\n\n<div class=\"wp-block-columns is-layout-flex wp-container-core-columns-is-layout-9d6595d7 wp-block-columns-is-layout-flex\">\n<div class=\"wp-block-column is-layout-flow wp-block-column-is-layout-flow\" style=\"flex-basis:25%\">\n<p class=\"has-text-align-center has-medium-font-size\" style=\"line-height:1\"><br><br>Cela fait plusieurs dizaines de milliers d&rsquo;ann\u00e9es que l&rsquo;homme a d\u00e9cid\u00e9 d&rsquo;occuper l&rsquo;espace environnant.<\/p>\n<\/div>\n\n\n\n<div class=\"wp-block-column is-layout-flow wp-block-column-is-layout-flow\" style=\"flex-basis:50%\">\n<figure data-wp-context=\"{&quot;imageId&quot;:&quot;69f209121f53c&quot;}\" data-wp-interactive=\"core\/image\" data-wp-key=\"69f209121f53c\" class=\"wp-block-image size-full has-custom-border wp-lightbox-container\"><img loading=\"lazy\" decoding=\"async\" width=\"510\" height=\"222\" data-wp-class--hide=\"state.isContentHidden\" data-wp-class--show=\"state.isContentVisible\" data-wp-init=\"callbacks.setButtonStyles\" data-wp-on--click=\"actions.showLightbox\" data-wp-on--load=\"callbacks.setButtonStyles\" data-wp-on-window--resize=\"callbacks.setButtonStyles\" src=\"http:\/\/xswviag.cluster029.hosting.ovh.net\/wp-content\/uploads\/2024\/12\/Silex.t.jpg\" alt=\"\" class=\"wp-image-121\" style=\"border-width:3px\" srcset=\"https:\/\/www.lesgenestes.com\/wp-content\/uploads\/2024\/12\/Silex.t.jpg 510w, https:\/\/www.lesgenestes.com\/wp-content\/uploads\/2024\/12\/Silex.t-300x131.jpg 300w\" sizes=\"auto, (max-width: 510px) 100vw, 510px\" \/><button\n\t\t\tclass=\"lightbox-trigger\"\n\t\t\ttype=\"button\"\n\t\t\taria-haspopup=\"dialog\"\n\t\t\taria-label=\"Agrandir\"\n\t\t\tdata-wp-init=\"callbacks.initTriggerButton\"\n\t\t\tdata-wp-on--click=\"actions.showLightbox\"\n\t\t\tdata-wp-style--right=\"state.imageButtonRight\"\n\t\t\tdata-wp-style--top=\"state.imageButtonTop\"\n\t\t>\n\t\t\t<svg xmlns=\"http:\/\/www.w3.org\/2000\/svg\" width=\"12\" height=\"12\" fill=\"none\" viewBox=\"0 0 12 12\">\n\t\t\t\t<path fill=\"#fff\" d=\"M2 0a2 2 0 0 0-2 2v2h1.5V2a.5.5 0 0 1 .5-.5h2V0H2Zm2 10.5H2a.5.5 0 0 1-.5-.5V8H0v2a2 2 0 0 0 2 2h2v-1.5ZM8 12v-1.5h2a.5.5 0 0 0 .5-.5V8H12v2a2 2 0 0 1-2 2H8Zm2-12a2 2 0 0 1 2 2v2h-1.5V2a.5.5 0 0 0-.5-.5H8V0h2Z\" \/>\n\t\t\t<\/svg>\n\t\t<\/button><\/figure>\n<\/div>\n\n\n\n<div class=\"wp-block-column is-layout-flow wp-block-column-is-layout-flow\" style=\"flex-basis:25%\">\n<p class=\"has-text-align-center has-medium-font-size\" style=\"line-height:1\"><br>Ces racloirs, percuteurs et autres bifaces trouv\u00e9s \u00e0 proximit\u00e9, t\u00e9moignent de leur pr\u00e9sence et surtout de l&rsquo;existence d&rsquo;un site de taillage de silex.<\/p>\n<\/div>\n<\/div>\n\n\n\n<p class=\"has-text-align-center has-medium-font-size\" style=\"line-height:1\">On retrouve d&rsquo;infimes indices du moyen \u00e2ge. Une boucle en laiton datant du XIII<sup>e<\/sup>,<br>Une ancienne \u00e9glise d\u00e9truite lors de la r\u00e9volution fran\u00e7aise dont certaines pierres ont servis dans la construction des maisons voisines. Sur l&rsquo;exploitation, des noms de parcelles \u00e9tranges, \u00a0\u00bb l&rsquo;\u00e9glise \u00a0\u00bb ou \u00a0\u00bb le clos des p\u00e8res \u00ab\u00a0.<br><\/p>\n\n\n\n<div class=\"wp-block-columns is-layout-flex wp-container-core-columns-is-layout-9d6595d7 wp-block-columns-is-layout-flex\">\n<div class=\"wp-block-column is-layout-flow wp-block-column-is-layout-flow\" style=\"flex-basis:25%\">\n<figure class=\"wp-block-image size-full is-resized has-custom-border\"><img loading=\"lazy\" decoding=\"async\" width=\"138\" height=\"100\" src=\"https:\/\/www.lesgenestes.com\/wp-content\/uploads\/2024\/12\/tn_maison-lauzes.jpg\" alt=\"\" class=\"wp-image-126\" style=\"border-width:3px;width:202px;height:auto\"\/><\/figure>\n<\/div>\n\n\n\n<div class=\"wp-block-column is-layout-flow wp-block-column-is-layout-flow\" style=\"flex-basis:50%\">\n<p class=\"has-text-align-center has-medium-font-size\" style=\"line-height:1\">C&rsquo;est en 1920 que nos a\u00efeuls, Henri et Am\u00e9lie achet\u00e8rent ce bien. De cet achat, il nous reste les actes notari\u00e9s et juste une esquisse faite avant la d\u00e9molition de la maison en 1950.<br>Depuis, chaque g\u00e9n\u00e9ration a appos\u00e9 sa pierre \u00e0 la construction de l&rsquo;ensemble que vous d\u00e9couvrez aujourd&rsquo;hui.<\/p>\n<\/div>\n\n\n\n<div class=\"wp-block-column is-layout-flow wp-block-column-is-layout-flow\" style=\"flex-basis:25%\">\n<figure class=\"wp-block-image size-full is-resized has-custom-border\"><img loading=\"lazy\" decoding=\"async\" width=\"496\" height=\"442\" src=\"http:\/\/xswviag.cluster029.hosting.ovh.net\/wp-content\/uploads\/2024\/12\/vue-aerienne.jpg\" alt=\"\" class=\"wp-image-290\" style=\"border-width:3px;width:165px;height:auto\" srcset=\"https:\/\/www.lesgenestes.com\/wp-content\/uploads\/2024\/12\/vue-aerienne.jpg 496w, https:\/\/www.lesgenestes.com\/wp-content\/uploads\/2024\/12\/vue-aerienne-300x267.jpg 300w\" sizes=\"auto, (max-width: 496px) 100vw, 496px\" \/><\/figure>\n<\/div>\n<\/div>\n\n\n\n<p class=\"has-text-align-center has-medium-font-size\" style=\"line-height:1\">Entre les deux guerres, les paysans vivaient en autarcie en produisant ce dont ils avaient besoin.<br>Depuis les ann\u00e9es 50, la demande croissante de produits a incit\u00e9 les agriculteurs \u00e0 produire encore plus.<br>C&rsquo;est \u00e0 ce moment que sont apparus les \u00e9levages laitiers et la culture du tabac sur nos terres accident\u00e9es.<br>Puis \u00e0 partir des ann\u00e9es 80-90, l&rsquo;accueil \u00e0 la ferme et la vente directe a permis \u00e0 certaines petites<br>exploitations de changer d&rsquo;orientation pour survivre et surtout devenir ma\u00eetres de leur destin.<br>Nous avons cr\u00e9\u00e9 la vente directe en 1980, les premi\u00e8res chambres en 1985, la ferme auberge en 1990, en 1993, le b\u00e2timent annexe fut am\u00e9nag\u00e9, puis en 2002 ce sont les chambres au dessus de la salle de restauration (ou \u00e9tait autrefois stock\u00e9s, tour \u00e0 tour, tabac, c\u00e9r\u00e9ales et noix) qui furent am\u00e9nag\u00e9es.<\/p>\n\n\n\n<div style=\"height:30px\" aria-hidden=\"true\" class=\"wp-block-spacer\"><\/div>\n\n\n\n<hr class=\"wp-block-separator has-alpha-channel-opacity is-style-wide\"\/>\n\n\n\n<p class=\"has-text-align-center has-text-color has-link-color wp-elements-958ed22dc9791c15b4f6365ff0ed9386\" style=\"color:#753e00\"><a>Famille MAZET &#8211; 219, impasse des Genestes &#8211; 24590 ST GENIES &#8211; Tel : 05 53 28 97 71 &#8211; <\/a><a href=\"mailto:contact@lesgenestes.com\">contact@lesgenestes.com<\/a><\/p>\n\n\n\n<hr class=\"wp-block-separator has-alpha-channel-opacity is-style-wide\"\/>\n\n\n\n<p><\/p>\n","protected":false},"excerpt":{"rendered":"<p>La ferme auberge et ses myst\u00e8res au fil du temps Un des premiers habitats sur la propri\u00e9t\u00e9 fut s\u00fbrement une grotte que nous avons remise \u00e0 jour fin 2012.Plus d&rsquo;une dizaine de tonnes de terre ont \u00e9t\u00e9 retir\u00e9es pour permettre l&rsquo;acc\u00e8s \u00e0 une galerie primaire d&rsquo;une quarantaine de m\u00e8tres de long.M\u00eame si les premiers hommes&#8230;<\/p>\n","protected":false},"author":1,"featured_media":0,"parent":0,"menu_order":2,"comment_status":"closed","ping_status":"closed","template":"","meta":{"_kadence_starter_templates_imported_post":false,"_kad_post_transparent":"","_kad_post_title":"","_kad_post_layout":"","_kad_post_sidebar_id":"","_kad_post_content_style":"","_kad_post_vertical_padding":"","_kad_post_feature":"","_kad_post_feature_position":"","_kad_post_header":false,"_kad_post_footer":false,"footnotes":""},"class_list":["post-183","page","type-page","status-publish","hentry"],"_links":{"self":[{"href":"https:\/\/www.lesgenestes.com\/index.php\/wp-json\/wp\/v2\/pages\/183","targetHints":{"allow":["GET"]}}],"collection":[{"href":"https:\/\/www.lesgenestes.com\/index.php\/wp-json\/wp\/v2\/pages"}],"about":[{"href":"https:\/\/www.lesgenestes.com\/index.php\/wp-json\/wp\/v2\/types\/page"}],"author":[{"embeddable":true,"href":"https:\/\/www.lesgenestes.com\/index.php\/wp-json\/wp\/v2\/users\/1"}],"replies":[{"embeddable":true,"href":"https:\/\/www.lesgenestes.com\/index.php\/wp-json\/wp\/v2\/comments?post=183"}],"version-history":[{"count":20,"href":"https:\/\/www.lesgenestes.com\/index.php\/wp-json\/wp\/v2\/pages\/183\/revisions"}],"predecessor-version":[{"id":546,"href":"https:\/\/www.lesgenestes.com\/index.php\/wp-json\/wp\/v2\/pages\/183\/revisions\/546"}],"wp:attachment":[{"href":"https:\/\/www.lesgenestes.com\/index.php\/wp-json\/wp\/v2\/media?parent=183"}],"curies":[{"name":"wp","href":"https:\/\/api.w.org\/{rel}","templated":true}]}}